{"id":419,"date":"2021-09-27T09:41:18","date_gmt":"2021-09-27T07:41:18","guid":{"rendered":"http:\/\/www.diocesi.brescia.it\/societa\/?page_id=419"},"modified":"2024-02-29T11:33:30","modified_gmt":"2024-02-29T10:33:30","slug":"ascoltare","status":"publish","type":"page","link":"https:\/\/www.diocesi.brescia.it\/societa\/ascoltare\/","title":{"rendered":"Ascoltare"},"content":{"rendered":"<div id=\"pl-419\"  class=\"panel-layout\" ><div id=\"pg-419-0\"  class=\"panel-grid panel-has-style\" ><div class=\"row grid-x panel-row-style panel-row-style-for-419-0\" ><div id=\"pgc-419-0-0\"  class=\"panel-grid-cell cell columns small-12 medium-12\" ><div id=\"panel-419-0-0-0\" class=\"so-panel widget widget_sow-slider panel-first-child panel-last-child\" data-index=\"0\" ><div style=\";background-repeat:repeat;\" class=\"panel-widget-style panel-widget-style-for-419-0-0-0\" ><div\n\t\t\t\n\t\t\tclass=\"so-widget-sow-slider so-widget-sow-slider-default-6d39609536fd-419\"\n\t\t\t\n\t\t>\t\t\t\t<div class=\"sow-slider-base\" style=\"display: none\" tabindex=\"0\">\n\t\t\t\t\t<ul\n\t\t\t\t\tclass=\"sow-slider-images\"\n\t\t\t\t\tdata-settings=\"{&quot;pagination&quot;:true,&quot;speed&quot;:800,&quot;timeout&quot;:8000,&quot;paused&quot;:false,&quot;pause_on_hover&quot;:false,&quot;swipe&quot;:true,&quot;nav_always_show_desktop&quot;:&quot;&quot;,&quot;nav_always_show_mobile&quot;:&quot;&quot;,&quot;breakpoint&quot;:&quot;780px&quot;,&quot;unmute&quot;:false,&quot;anchor&quot;:null}\"\n\t\t\t\t\t\t\t\t\t\tdata-anchor-id=\"\"\n\t\t\t\t>\t\t<li class=\"sow-slider-image\" style=\"visibility: visible;\" >\n\t\t\t\t\t\t<img loading=\"lazy\" decoding=\"async\" width=\"1430\" height=\"500\" src=\"https:\/\/www.diocesi.brescia.it\/societa\/wp-content\/uploads\/sites\/4\/2021\/09\/header_PANE-DI-LUCE.jpg\" class=\"sow-slider-background-image\" alt=\"\" style=\"\" srcset=\"https:\/\/www.diocesi.brescia.it\/societa\/wp-content\/uploads\/sites\/4\/2021\/09\/header_PANE-DI-LUCE.jpg 1430w, https:\/\/www.diocesi.brescia.it\/societa\/wp-content\/uploads\/sites\/4\/2021\/09\/header_PANE-DI-LUCE-300x105.jpg 300w, https:\/\/www.diocesi.brescia.it\/societa\/wp-content\/uploads\/sites\/4\/2021\/09\/header_PANE-DI-LUCE-1024x358.jpg 1024w, https:\/\/www.diocesi.brescia.it\/societa\/wp-content\/uploads\/sites\/4\/2021\/09\/header_PANE-DI-LUCE-768x269.jpg 768w, https:\/\/www.diocesi.brescia.it\/societa\/wp-content\/uploads\/sites\/4\/2021\/09\/header_PANE-DI-LUCE-600x210.jpg 600w, https:\/\/www.diocesi.brescia.it\/societa\/wp-content\/uploads\/sites\/4\/2021\/09\/header_PANE-DI-LUCE-1200x420.jpg 1200w, https:\/\/www.diocesi.brescia.it\/societa\/wp-content\/uploads\/sites\/4\/2021\/09\/header_PANE-DI-LUCE-800x280.jpg 800w\" sizes=\"(max-width: 1430px) 100vw, 1430px\" \/>\t\t<\/li>\n\t\t<\/ul>\t\t\t\t<ol class=\"sow-slider-pagination\">\n\t\t\t\t\t\t\t\t\t\t\t<li><a href=\"#\" data-goto=\"0\" aria-label=\"display slide 1\"><\/a><\/li>\n\t\t\t\t\t\t\t\t\t<\/ol>\n\n\t\t\t\t<div class=\"sow-slide-nav sow-slide-nav-next\">\n\t\t\t\t\t<a href=\"#\" data-goto=\"next\" aria-label=\"next slide\" data-action=\"next\">\n\t\t\t\t\t\t<em class=\"sow-sld-icon-thin-right\"><\/em>\n\t\t\t\t\t<\/a>\n\t\t\t\t<\/div>\n\n\t\t\t\t<div class=\"sow-slide-nav sow-slide-nav-prev\">\n\t\t\t\t\t<a href=\"#\" data-goto=\"previous\" aria-label=\"previous slide\" data-action=\"prev\">\n\t\t\t\t\t\t<em class=\"sow-sld-icon-thin-left\"><\/em>\n\t\t\t\t\t<\/a>\n\t\t\t\t<\/div>\n\t\t\t\t<\/div><\/div><\/div><\/div><\/div><\/div><\/div><div id=\"pg-419-1\"  class=\"panel-grid panel-has-style\" ><div class=\"row grid-x panel-row-style panel-row-style-for-419-1\" ><div id=\"pgc-419-1-0\"  class=\"panel-grid-cell cell columns small-12 medium-12\" ><div id=\"panel-419-1-0-0\" class=\"so-panel widget widget_text panel-first-child panel-last-child\" data-index=\"1\" ><div style=\";background-repeat:repeat;\" class=\"panel-widget-style panel-widget-style-for-419-1-0-0\" ><h3 class=\"widget-title\">Ascoltare<\/h3>\t\t\t<div class=\"textwidget\"><p>&#8220;Nei quattro decenni trascorsi, avete potuto approfondire, sperimentare e attuare un metodo di lavoro basato su tre attenzioni tra loro correlate e sinergiche: ascoltare, osservare, discernere, mettendolo al servizio della vostra missione: l\u2019animazione caritativa dentro le comunit\u00e0 e nei territori. Si tratta di uno stile che rende possibile agire pastoralmente, ma anche perseguire un dialogo profondo e proficuo con i vari ambiti della vita ecclesiale, con le associazioni, i movimenti e con il variegato mondo del volontariato organizzato.&#8221; [Benedetto XVI, 24 novembre 2011].<\/p>\n<p>&nbsp;<\/p>\n<h4>CENTRO DI ASCOLTO \u201cPORTA APERTA\u201d<\/h4>\n<p>Il Centro di ascolto \u201cPorta Aperta\u201d accoglie e ascolta persone in situazioni di disagio o difficolt\u00e0 provenienti dall\u2019intera Diocesi, assicura una prima risposta per i bisogni pi\u00f9 urgenti, anche attraverso il costante coinvolgimento delle comunit\u00e0 parrocchiali e del territorio e dei diversi enti istituzionali o realt\u00e0 in esso presenti. E&#8217; realizzato anche con il contributo dei Fondi 8xmille.<br \/>\nSituato dal 2013 presso i locali adiacenti alla Mensa E. Menni, \u201cPorta Aperta\u201d si qualifica come luogo di accoglienza e di ascolto delle persone in situazioni di grave disagio. Nello specifico, si configura quale \u201csnodo\u201d di un sistema complesso e integrato di risposte:<\/p>\n<ul>\n<li><a href=\"https:\/\/www.caritasbrescia.it\/cibo\/#mensamenni\">Mensa Menni<\/a><\/li>\n<li><a href=\"https:\/\/www.caritasbrescia.it\/tetto\/#rifugiocaritas\">Rifugio Caritas<\/a><\/li>\n<li><a href=\"https:\/\/www.caritasbrescia.it\/tetto\/#emfreddofemminile\">Emergenza freddo femminile<\/a><\/li>\n<li><a href=\"https:\/\/www.caritasbrescia.it\/tetto\/#housingsociale\">Housing sociale<\/a><\/li>\n<\/ul>\n<p>Nel corso dell\u2019anno 2018, a partire da una riflessione in atto anche con Caritas Italiana attorno all\u2019identit\u00e0 dei centri di ascolto si sono avviati alcuni cambiamenti anche di tipo organizzativo.<\/p>\n<p>Il Centro di ascolto &#8220;Porta Aperta&#8221; ha due sedi. La sede di via Vittorio Emanuele II, 17 a Brescia \u00e8 aperta luned\u00ec, marted\u00ec, gioved\u00ec, venerd\u00ec, h. 9.00-12.30. La sede di piazza Martiri di Belfiore, 4 a Brescia \u00e8 aperta da luned\u00ec a venerd\u00ec, h. 8.30-13.00 e 14.00-17.00.<br \/>\n\u00c8 accessibile su appuntamento da concordare via email a <a href=\"mailto:portaperta@caritasbrescia.it\">portaperta@caritasbrescia.it<\/a> oppure telefonicamente: tel. 030 48977 int. 2 (via Vittorio Emanuele II, 17), tel. 030 3757746 (piazza Martiri di Belfiore, 4)<\/p>\n<p>&nbsp;<\/p>\n<h4>COLLEGAMENTO DEI CENTRI DI ASCOLTO<\/h4>\n<p>Il Collegamento dei Centri di Ascolto, a cui afferiscono i centri di ascolto della diocesi di Brescia [n. 39 centri di ascolto partecipanti al Collegamento nel 2018], ha la finalit\u00e0 di condividere informazioni e linee comuni di intervento. L\u2019esperienza di collegamento \u00e8 favorita: dall&#8217;accompagnamento formativo; dal supporto operativo e consulenziale assicurato dal Centro di ascolto \u201cPorta Aperta\u201d; dall\u2019utilizzo del software SINCRO.<\/p>\n<p>&nbsp;<\/p>\n<h4>SEGRETARIATO SOCIALE IN CARCERE<\/h4>\n<p>Caritas Diocesana, insieme a Vol.Ca. (Volontariato Carcere), A.C.T. (Associazione Carcere e Territorio) e Garante dei Detenuti, in collaborazione con l\u2019Istituto Penitenziario Nerio Fischione (ex Canton Mombello) e la Casa di reclusione di Verziano, a partire dal novembre 2016 (Anno Giubilare della Misericordia) promuove un servizio di Segretariato Sociale presso i due istituti di pena bresciani.<br \/>\nNel 2017 a integrazione dell\u2019esperienza, nell\u2019ambito del Progetto Carcere 2017 \u2013 Fondo CEI 8X1000 viene avviato il progetto \u201ceXtra carcere\u201d finalizzato al sostegno alla detenzione domiciliare e al reinserimento lavorativo di ex carcerati, nonch\u00e9 alla sensibilizzazione della comunit\u00e0 locale.<\/p>\n<\/div>\n\t\t<\/div><\/div><\/div><\/div><\/div><\/div>","protected":false},"excerpt":{"rendered":"<p>&#8220;Nei quattro decenni trascorsi, avete potuto approfondire, sperimentare e attuare un metodo di lavoro basato su tre attenzioni tra loro correlate e sinergiche: ascoltare, osservare, discernere, mettendolo al servizio della vostra missione: l\u2019animazione caritativa dentro le comunit\u00e0 e nei territori. Si tratta di uno stile che rende possibile agire pastoralmente, ma anche perseguire un dialogo profondo e proficuo con i vari ambiti della vita ecclesiale, &hellip; <a href=\"https:\/\/www.diocesi.brescia.it\/societa\/ascoltare\/\" class=\"more-link\">Continua a leggere <span class=\"screen-reader-text\"><\/span> <span class=\"meta-nav\">&raquo;<\/span><\/a><\/p>\n","protected":false},"author":0,"featured_media":0,"parent":0,"menu_order":0,"comment_status":"closed","ping_status":"closed","template":"","meta":{"_acf_changed":false,"footnotes":""},"acf":[],"yoast_head":"<!-- This site is optimized with the Yoast SEO plugin v22.3 - https:\/\/yoast.com\/wordpress\/plugins\/seo\/ -->\n<title>Ascoltare - Pastorale per la Societ\u00e0<\/title>\n<meta name=\"robots\" content=\"index, follow, max-snippet:-1, max-image-preview:large, max-video-preview:-1\" \/>\n<link rel=\"canonical\" href=\"https:\/\/www.diocesi.brescia.it\/societa\/ascoltare\/\" \/>\n<meta property=\"og:locale\" content=\"it_IT\" \/>\n<meta property=\"og:type\" content=\"article\" \/>\n<meta property=\"og:title\" content=\"Ascoltare - Pastorale per la Societ\u00e0\" \/>\n<meta property=\"og:description\" content=\"&quot;Nei quattro decenni trascorsi, avete potuto approfondire, sperimentare e attuare un metodo di lavoro basato su tre attenzioni tra loro correlate e sinergiche: ascoltare, osservare, discernere, mettendolo al servizio della vostra missione: l\u2019animazione caritativa dentro le comunit\u00e0 e nei territori. Si tratta di uno stile che rende possibile agire pastoralmente, ma anche perseguire un dialogo profondo e proficuo con i vari ambiti della vita ecclesiale, &hellip; Continua a leggere &raquo;\" \/>\n<meta property=\"og:url\" content=\"https:\/\/www.diocesi.brescia.it\/societa\/ascoltare\/\" \/>\n<meta property=\"og:site_name\" content=\"Pastorale per la Societ\u00e0\" \/>\n<meta property=\"article:modified_time\" content=\"2024-02-29T10:33:30+00:00\" \/>\n<meta name=\"twitter:card\" content=\"summary_large_image\" \/>\n<meta name=\"twitter:label1\" content=\"Tempo di lettura stimato\" \/>\n\t<meta name=\"twitter:data1\" content=\"3 minuti\" \/>\n<script type=\"application\/ld+json\" class=\"yoast-schema-graph\">{\"@context\":\"https:\/\/schema.org\",\"@graph\":[{\"@type\":\"WebPage\",\"@id\":\"https:\/\/www.diocesi.brescia.it\/societa\/ascoltare\/\",\"url\":\"https:\/\/www.diocesi.brescia.it\/societa\/ascoltare\/\",\"name\":\"Ascoltare - Pastorale per la Societ\u00e0\",\"isPartOf\":{\"@id\":\"https:\/\/www.diocesi.brescia.it\/societa\/#website\"},\"datePublished\":\"2021-09-27T07:41:18+00:00\",\"dateModified\":\"2024-02-29T10:33:30+00:00\",\"breadcrumb\":{\"@id\":\"https:\/\/www.diocesi.brescia.it\/societa\/ascoltare\/#breadcrumb\"},\"inLanguage\":\"it-IT\",\"potentialAction\":[{\"@type\":\"ReadAction\",\"target\":[\"https:\/\/www.diocesi.brescia.it\/societa\/ascoltare\/\"]}]},{\"@type\":\"BreadcrumbList\",\"@id\":\"https:\/\/www.diocesi.brescia.it\/societa\/ascoltare\/#breadcrumb\",\"itemListElement\":[{\"@type\":\"ListItem\",\"position\":1,\"name\":\"Pastorale per la Societ\u00e0\",\"item\":\"https:\/\/www.diocesi.brescia.it\/societa\/\"},{\"@type\":\"ListItem\",\"position\":2,\"name\":\"Ascoltare\"}]},{\"@type\":\"WebSite\",\"@id\":\"https:\/\/www.diocesi.brescia.it\/societa\/#website\",\"url\":\"https:\/\/www.diocesi.brescia.it\/societa\/\",\"name\":\"Pastorale per la Societ\u00e0\",\"description\":\"\",\"publisher\":{\"@id\":\"https:\/\/www.diocesi.brescia.it\/societa\/#organization\"},\"potentialAction\":[{\"@type\":\"SearchAction\",\"target\":{\"@type\":\"EntryPoint\",\"urlTemplate\":\"https:\/\/www.diocesi.brescia.it\/societa\/?s={search_term_string}\"},\"query-input\":\"required name=search_term_string\"}],\"inLanguage\":\"it-IT\"},{\"@type\":\"Organization\",\"@id\":\"https:\/\/www.diocesi.brescia.it\/societa\/#organization\",\"name\":\"Pastorale per la Societ\u00e0\",\"url\":\"https:\/\/www.diocesi.brescia.it\/societa\/\",\"logo\":{\"@type\":\"ImageObject\",\"inLanguage\":\"it-IT\",\"@id\":\"https:\/\/www.diocesi.brescia.it\/societa\/#\/schema\/logo\/image\/\",\"url\":\"https:\/\/www.diocesi.brescia.it\/societa\/wp-content\/uploads\/sites\/4\/2025\/09\/cropped-cropped-logo-1-societa-HEADER.jpg\",\"contentUrl\":\"https:\/\/www.diocesi.brescia.it\/societa\/wp-content\/uploads\/sites\/4\/2025\/09\/cropped-cropped-logo-1-societa-HEADER.jpg\",\"width\":519,\"height\":105,\"caption\":\"Pastorale per la Societ\u00e0\"},\"image\":{\"@id\":\"https:\/\/www.diocesi.brescia.it\/societa\/#\/schema\/logo\/image\/\"}}]}<\/script>\n<!-- \/ Yoast SEO plugin. -->","yoast_head_json":{"title":"Ascoltare - Pastorale per la Societ\u00e0","robots":{"index":"index","follow":"follow","max-snippet":"max-snippet:-1","max-image-preview":"max-image-preview:large","max-video-preview":"max-video-preview:-1"},"canonical":"https:\/\/www.diocesi.brescia.it\/societa\/ascoltare\/","og_locale":"it_IT","og_type":"article","og_title":"Ascoltare - Pastorale per la Societ\u00e0","og_description":"\"Nei quattro decenni trascorsi, avete potuto approfondire, sperimentare e attuare un metodo di lavoro basato su tre attenzioni tra loro correlate e sinergiche: ascoltare, osservare, discernere, mettendolo al servizio della vostra missione: l\u2019animazione caritativa dentro le comunit\u00e0 e nei territori. Si tratta di uno stile che rende possibile agire pastoralmente, ma anche perseguire un dialogo profondo e proficuo con i vari ambiti della vita ecclesiale, &hellip; Continua a leggere &raquo;","og_url":"https:\/\/www.diocesi.brescia.it\/societa\/ascoltare\/","og_site_name":"Pastorale per la Societ\u00e0","article_modified_time":"2024-02-29T10:33:30+00:00","twitter_card":"summary_large_image","twitter_misc":{"Tempo di lettura stimato":"3 minuti"},"schema":{"@context":"https:\/\/schema.org","@graph":[{"@type":"WebPage","@id":"https:\/\/www.diocesi.brescia.it\/societa\/ascoltare\/","url":"https:\/\/www.diocesi.brescia.it\/societa\/ascoltare\/","name":"Ascoltare - Pastorale per la Societ\u00e0","isPartOf":{"@id":"https:\/\/www.diocesi.brescia.it\/societa\/#website"},"datePublished":"2021-09-27T07:41:18+00:00","dateModified":"2024-02-29T10:33:30+00:00","breadcrumb":{"@id":"https:\/\/www.diocesi.brescia.it\/societa\/ascoltare\/#breadcrumb"},"inLanguage":"it-IT","potentialAction":[{"@type":"ReadAction","target":["https:\/\/www.diocesi.brescia.it\/societa\/ascoltare\/"]}]},{"@type":"BreadcrumbList","@id":"https:\/\/www.diocesi.brescia.it\/societa\/ascoltare\/#breadcrumb","itemListElement":[{"@type":"ListItem","position":1,"name":"Pastorale per la Societ\u00e0","item":"https:\/\/www.diocesi.brescia.it\/societa\/"},{"@type":"ListItem","position":2,"name":"Ascoltare"}]},{"@type":"WebSite","@id":"https:\/\/www.diocesi.brescia.it\/societa\/#website","url":"https:\/\/www.diocesi.brescia.it\/societa\/","name":"Pastorale per la Societ\u00e0","description":"","publisher":{"@id":"https:\/\/www.diocesi.brescia.it\/societa\/#organization"},"potentialAction":[{"@type":"SearchAction","target":{"@type":"EntryPoint","urlTemplate":"https:\/\/www.diocesi.brescia.it\/societa\/?s={search_term_string}"},"query-input":"required name=search_term_string"}],"inLanguage":"it-IT"},{"@type":"Organization","@id":"https:\/\/www.diocesi.brescia.it\/societa\/#organization","name":"Pastorale per la Societ\u00e0","url":"https:\/\/www.diocesi.brescia.it\/societa\/","logo":{"@type":"ImageObject","inLanguage":"it-IT","@id":"https:\/\/www.diocesi.brescia.it\/societa\/#\/schema\/logo\/image\/","url":"https:\/\/www.diocesi.brescia.it\/societa\/wp-content\/uploads\/sites\/4\/2025\/09\/cropped-cropped-logo-1-societa-HEADER.jpg","contentUrl":"https:\/\/www.diocesi.brescia.it\/societa\/wp-content\/uploads\/sites\/4\/2025\/09\/cropped-cropped-logo-1-societa-HEADER.jpg","width":519,"height":105,"caption":"Pastorale per la Societ\u00e0"},"image":{"@id":"https:\/\/www.diocesi.brescia.it\/societa\/#\/schema\/logo\/image\/"}}]}},"_links":{"self":[{"href":"https:\/\/www.diocesi.brescia.it\/societa\/wp-json\/wp\/v2\/pages\/419"}],"collection":[{"href":"https:\/\/www.diocesi.brescia.it\/societa\/wp-json\/wp\/v2\/pages"}],"about":[{"href":"https:\/\/www.diocesi.brescia.it\/societa\/wp-json\/wp\/v2\/types\/page"}],"author":[{"embeddable":true,"href":"https:\/\/www.diocesi.brescia.it\/societa\/wp-json\/wp\/v2\/users\/11"}],"replies":[{"embeddable":true,"href":"https:\/\/www.diocesi.brescia.it\/societa\/wp-json\/wp\/v2\/comments?post=419"}],"version-history":[{"count":4,"href":"https:\/\/www.diocesi.brescia.it\/societa\/wp-json\/wp\/v2\/pages\/419\/revisions"}],"predecessor-version":[{"id":1662,"href":"https:\/\/www.diocesi.brescia.it\/societa\/wp-json\/wp\/v2\/pages\/419\/revisions\/1662"}],"wp:attachment":[{"href":"https:\/\/www.diocesi.brescia.it\/societa\/wp-json\/wp\/v2\/media?parent=419"}],"curies":[{"name":"wp","href":"https:\/\/api.w.org\/{rel}","templated":true}]}}